q) = -19*q**3 + q**2 + q. Calculate the remainder when p(-1) is divided by a.
5
Suppose 4*u - 3*q - 57 = 2*u, 2 = -2*q. Suppose 15 = 2*b - u. What is the remainder when 83 is divided by b?
20
Let v be (14/(-8) + 3)*-4. Let o(g) = 3*g**2 + 2*g - 3. Calculate the remainder when o(v) is divided by 21.
20
Let r(t) = -t**2 - 3*t - 4. Let n = 4 + -7. Let m be r(n). What is the remainder when 41 is divided by 2/4 + (-54)/m?
13
Let m = -53 - -99. What is the remainder when m is divided by 7?
4
Let k(x) = 3*x - 10. What is the remainder when k(7) is divided by (-20)/(-8) + 2/4?
2
Suppose 0 = -6*x + 9*x - 111. Calculate the remainder when 106 is divided by x.
32
Let p be (-336)/(-10) + (-3)/5. Suppose p = -10*z + 13*z. What is the remainder when 30 is divided by z?
8
Suppose 310 = -4*u + 9*u. Calculate the remainder when u is divided by 17.
11
Let p(l) = -6*l - 2. Let x be p(-6). What is the remainder when 33 is divided by (-14)/(-21) + x/3?
9
Let x = -114 - -266. What is the remainder when x is divided by 13?
9
Let l(u) = u**3 - 6*u**2 - 5*u + 12. What is the remainder when 129 is divided by l(7)?
25
Let w = -14 + 20. Let n = 33 - 11. What is the remainder when n is divided by (-4)/(-6) + 44/w?
6
Let v be (-1 - 0)/((-4)/52). Suppose 5*f + 14 = -b, -2*b - 4*f = b - v. Suppose 0 = -4*d + 45 + 79. Calculate the remainder when d is divided by b.
9
Suppose 3*j - 220 = -0*j - 5*c, 0 = j - c - 60. Calculate the remainder when j is divided by 17.
14
Let z(c) = -c. Calculate the remainder when 19 is divided by z(-10).
9
Let p(c) = 4*c**2 - 6*c - 6. Let b be p(7). What is the remainder when 22 is divided by b/18 - 6/27?
6
Suppose -2*c = 5*z - 15, 0 = -4*c - c + 2*z + 23. What is the remainder when c is divided by (-1)/5 - (-96)/30?
2
Calculate the remainder when 22 is divided by (18/(-8))/(3/(-16)).
10
Let w = 0 - 0. Suppose -2*f + 5 + 45 = w. What is the remainder when 48 is divided by f?
23
Suppose y - 4*g = -9 + 29, 0 = -5*y + 2*g + 46. Let h = -9 + 39. Calculate the remainder when h is divided by y.
6
Calculate the remainder when 350 is divided by 1035/27 + (2 - 4/3).
38
Let d = 69 - 41. What is the remainder when d is divided by 2/(-6) - (-93)/9?
8
Let m = -2 - 1. Let a = m - -5. Suppose 8 = a*z - z. Calculate the remainder when 15 is divided by z.
7
Let t(z) = z**3 - 13*z**2 + 11*z + 9. Let x be t(12). Let v(q) = 6*q - 3. Calculate the remainder when v(2) is divided by 4/(-6) - 17/x.
4
Let l(g) = -g**3 - 5*g**2 - 6*g + 5. Calculate the remainder when 50 is divided by l(-4).
11
Let k = -91 - -128. Suppose 3*w - k = 5. Calculate the remainder when 26 is divided by w.
12
Let v(m) = -m**2 - 20*m - 14. Let s(k) = 21*k. Suppose -4*f + 8 + 9 = 5*r, 0 = 2*f - 6. Calculate the remainder when v(-15) is divided by s(r).
19
Calculate the remainder when 12 is divided by -2 + 15/9*6.
4
Let l(a) = 7*a - 66. Calculate the remainder when l(20) is divided by 21.
11
Let c be 30/(-3)*(-38)/4. Suppose 7*g - 2*g = c. What is the remainder when 56 is divided by g?
18
Suppose -105 - 103 = -16*y. Calculate the remainder when 36 is divided by y.
10
Let k(r) = 22*r + 1. Let q be k(2). Let i = -29 + q. Calculate the remainder when i is divided by 9.
7
Let p(a) = a. Let g(y) = 16*y + 2. Let k(u) = -g(u) + 6*p(u). Let m be k(-6). Let b = -17 + m. Calculate the remainder when b is divided by 14.
13
Let d be (9 + 1)*70/5. Suppose d = -9*l + 4*l. Let a = -11 - l. What is the remainder when 49 is divided by a?
15
Let x(v) = 2*v**3 - 4*v**2 - 3. Let g(a) = 5*a**2 - 1. Let l be g(1). Suppose -s + l*s - 129 = 0. What is the remainder when s is divided by x(3)?
13
Let x(b) = -b**3 + 16*b**2 + 5*b - 24. Calculate the remainder when x(16) is divided by 20.
16
Suppose -2*a + 2*y = -24, -3*y + 6 = -4*a + 56. Let n(z) = -z**3 - 6*z**2 - 6*z - 9. Calculate the remainder when n(-6) is divided by a.
13
Let q = 27 + -22. Calculate the remainder when 9 is divided by q.
4
Let m(u) = 20*u - 8. Let l(b) = 3*b - 1. Let r be l(2). What is the remainder when m(r) is divided by 31?
30
Suppose -2*m - 32 = -134. Let x = -32 + m. What is the remainder when 74 is divided by x?
17
Calculate the remainder when (2/(-5))/(-1) - 1626/(-10) is divided by 41.
40
Let o(z) = -2*z + 23. Let a(p) = p - 3. Let w be a(10). Let v(f) = f**3 - f**2 - 7*f + 6. Calculate the remainder when v(4) is divided by o(w).
8
Let j(a) = 2*a**2 + 7*a - 1. Calculate the remainder when 68 is divided by j(2).
5
Suppose -73 = -2*d + 23. Let k = d - 23. Calculate the remainder when 72 is divided by k.
22
Calculate the remainder when (-5)/15 + 848/6 is divided by 37.
30
Calculate the remainder when 58 is divided by 6/15 - 392/(-20).
18
Let m = 10 + 3. Suppose m = -4*s + 41. Suppose -3*d + 43 = -4*u, 0 = -3*d + 5*d - 3*u - 29. Calculate the remainder when d is divided by s.
6
Suppose 2*g = -2, -g - 49 = -4*x - 4*g. Let j = -13 - -18. Calculate the remainder when x is divided by j.
3
Let v(z) = 30*z + 1. Suppose -5*q + 5 = -0. What is the remainder when v(q) is divided by 11?
9
What is the remainder when (10 + -5)*(-216)/(-10) is divided by 11?
9
Suppose 3*g = 8*g + 250. Let p = g + 92. What is the remainder when p is divided by 22?
20
Suppose -5*j + 140 = -3*v - 0*j, 5*v + 212 = 3*j. Calculate the remainder when 34 is divided by (-1)/4 + (-370)/v.
7
Suppose 0 = -b + 1 + 4. Suppose -b - 11 = -2*r. Suppose 5*v - 4*v + 88 = 4*d, 5*v = 0. Calculate the remainder when d is divided by r.
6
Let l be 2 - (-4 - -4) - -1. Suppose z = 30 - l. What is the remainder when 106 is divided by z?
25
Calculate the remainder when 26 is divided by ((-12)/(-10))/((-99)/(-1320)).
10
Let n(b) = -7*b - 54. What is the remainder when n(-16) is divided by (-3 - -3) + 21 + -1?
18
Let y = 691 + -455. What is the remainder when y is divided by 60?
56
What is the remainder when 4/10 + (-1168)/(-80) is divided by 9?
6
Suppose -9*n - 3 = -6*n - 5*u, 2*n - 2*u - 2 = 0. What is the remainder when 37 is divided by n?
1
Let r = 0 + 1. Calculate the remainder when (((-172)/2)/(-2))/((-1)/(-1)) is divided by ((3 - r) + -13)*-2.
21
Suppose 0 = -3*m - 118 + 16. Let x = m + 57. What is the remainder when 45 is divided by x?
22
Let j(u) = -u**2 + 17*u + 41. Calculate the remainder when 66 is divided by j(18).
20
Suppose -680 = -0*c + 2*c. Let d(z) = 8*z - 4. Let a be d(2). What is the remainder when (-1)/3 - c/a is divided by 10?
8
Suppose -3*c - 9 = 0, -5*s + 16 = c + 99. Let a = 28 + s. What is the remainder when 35 is divided by a?
11
Let d(g) = g**3 - 10*g**2 + 3. Suppose 2*n + 2 - 8 = 0. What is the remainder when d(10) is divided by n?
0
Let s be -2 + -1 - (-6 + -2). Suppose -s*t + j = -9, 2*j = -t + 4*j + 9. Calculate the remainder when t is divided by 1.
0
Let r(l) = -10 + l**2 - l + 2 + 3*l. What is the remainder when r(-7) is divided by 7?
6
Let x = 5 + -2. Suppose -x*w = -w - 46. What is the remainder when w is divided by 12?
11
Let p = -100 + 127. What is the remainder when 92 is divided by p?
11
Let z = -6 - -12. Calculate the remainder when 20 is divided by z.
2
Suppose d + 3*d = 0. Suppose d = a + f, -5*f - 13 = -3. Let b(h) = 5*h**3 + h**2 - 2*h + 1. What is the remainder when b(a) is divided by 14?
13
Let k(z) = -6*z + 53. Calculate the remainder when 20 is divided by k(7).
9
Suppose 4 = p + 2. Suppose 0 = z - 0*z + 3*o - 18, p*o = -3*z + 40. Suppose 8*s - 168 = 3*s + r, 3*s - 108 = -3*r. What is the remainder when s is divided by z?
10
Let o = -72 - -99. What is the remainder when 50 is divided by o?
23
Suppose -a = -5*j + 102, -2*j + 5*a + 50 = -0*j. Let g = 38 - j. Calculate the remainder when g is divided by 7.
4
Suppose -h = -4*p + 7 + 5, 5*p = -h + 24. Suppose -u = h*u - 485. Suppose 4*f - 147 = u. Calculate the remainder when f is divided by 16.
13
Suppose 3*j - 30 = 48. Let t = -11 - -20. Calculate the remainder when j is divided by t.
8
Let w = -105 - -188. Calculate the remainder when w is divided by 12.
11
Let n = 45 + -34. What is the remainder when n is divided by 4?
3
Let q(u) = -10*u - 10. Calculate the remainder when 29 is divided by q(-2).
9
Suppose 30*m = 27*m + 18. Calculate the remainder when 22 is divided by m.
4
Let g = -178 + 188. Let a = 41 + -13. What is the remainder when a is divided by g?
8
Suppose -2*x + 2*a + a = -16, 3*x + 2*a - 37 = 0. Ca